{"id":1107,"date":"2023-11-24T11:54:23","date_gmt":"2023-11-24T10:54:23","guid":{"rendered":"https:\/\/www.san-giacomo.it\/?page_id=1107"},"modified":"2023-11-25T08:39:25","modified_gmt":"2023-11-25T07:39:25","slug":"tecar","status":"publish","type":"page","link":"https:\/\/www.san-giacomo.it\/index.php\/tecar\/","title":{"rendered":"TECARTERAPIA"},"content":{"rendered":"<h4><\/h4>\n<p><strong>TECARTERAPIA<\/strong><\/p>\n<p><strong>\u00a0<\/strong><\/p>\n<p><strong>Che cos\u2019\u00e8 e quando \u00e8 indicato il trattamento con la TECAR (tecarterapia) ?<\/strong><\/p>\n<p>La\u00a0<strong>Tecar<\/strong>, \u00e8 un trattamento elettromedicale che sfrutta l&#8217;impiego del calore endogeno con finalit\u00e0 terapeutiche, soprattutto in presenza di affezioni dolorose muscolari e articolari.<\/p>\n<p>La Tecar pu\u00f2 lavorare in due modalit\u00e0: la <strong>modalit\u00e0 capacitiva<\/strong> adatta alla cura dei problemi ai tessuti molli, la <strong>modalit\u00e0 resistiva<\/strong> indicata per il trattamento dei disturbi ossei, articolari, cartilaginei.<\/p>\n<p>La Tecarterapia \u00e8 indicata per <strong>traumi<\/strong>\u00a0e <strong>patologie infiammatorie<\/strong> dell&#8217;apparato muscolo-scheletrico, pi\u00f9 specificatamente per:<\/p>\n<ul>\n<li><strong>Lesioni muscolari<\/strong>\u00a0come strappi, stiramenti, distorsioni<\/li>\n<li><strong>Dolori ai tendini\u00a0<\/strong>di natura traumatica ad esempio una rottura oppure di tipo infiammatorio come una tendinite cronica su un tennista<\/li>\n<li><strong>Lesioni ai legamenti<\/strong>\u00a0a seguito di un incidente oppure ad una caduta. E\u2019 molto frequente negli sportivi come seguito di una brutta caduta<\/li>\n<li><strong>Dolore alle articolazioni<\/strong>\u00a0come artrosi, artriti.<br \/>\nIn questo caso <strong>patologie croniche<\/strong> molto dolorose avranno benefici da questo tipo di trattamento.<\/li>\n<li><strong>Trattamento degli edemi:<\/strong>\u00a0essendo la tecarterapia un trattamento capace di aumentare il metabolismo dell\u2019area trattata ed aiutando a riassorbire l\u2019edema; spesso associata in combinazione a sedute di <strong>linfodrenaggio.<\/strong><\/li>\n<li><strong>Risoluzione delle borsiti:<\/strong>\u00a0grazie all\u2019azione antinfiammatoria che induce.<\/li>\n<li><strong>Trattamento di Cervicalgie e Lombalgie<\/strong>: grazie alla sua azione nel ridurre dolore e dell\u2019infiammazione.<\/li>\n<li><strong>Lesioni meniscali:<\/strong>\u00a0dove \u00e8 importante sia ridurre il dolore che aumentare la vascolarizzazione dell\u2019area.<\/li>\n<li><strong>Trattamento della Pubalgia:<\/strong>\u00a0grazie all\u2019azione dell\u2019inserzione tendinea<\/li>\n<li><strong>Fascite plantare<\/strong><\/li>\n<li><strong>Sindrome Femoro Rotulea:<\/strong>\u00a0riuscendo a ridurre il dolore e l\u2019infiammazione dell\u2019area con la sua azione antinfiammatoria.<\/li>\n<li><strong>Sindrome da Conflitto da Impigement\u00a0<\/strong>alla spalla.<\/li>\n<li><strong>Riabilitazione Post Operatoria\u00a0<\/strong>dove la sua efficacia \u00e8 nel velocizzare i processi riparativi che il corpo attuer\u00e0 normalmente.<\/li>\n<\/ul>\n<p>&nbsp;<\/p>\n<p><strong>Chi esegue il trattamento?<\/strong><\/p>\n<p>Il trattamento \u00e8 eseguito da Fisioterapisti altamente qualificati, i risultati sono evidenti dopo poche sedute.<\/p>\n<p>E\u2019 possibile eseguire <strong>tecarterapia:<\/strong><\/p>\n<ul>\n<li><strong>manuale<\/strong><\/li>\n<li><strong>automatica<\/strong><\/li>\n<li><strong>con veicolazione farmacologica<\/strong><\/li>\n<li><strong>linfodrenaggio<\/strong><\/li>\n<li><strong>in associazione a fisiokinesiterapia<\/strong><\/li>\n<\/ul>\n<p><strong>Quali sono i benefici della TECARTERAPIA ?<\/strong><\/p>\n<p>L\u2019aumento del microcircolo, la vasodilatazione e l\u2019incremento della temperatura interna velocizzano il processo di guarigione in poche sedute.<\/p>\n<p><strong>La TECARTERAPIA in sintesi: riduce l&#8217;infiammazione dei tessuti e quindi il dolore in fase acuta.<\/strong><\/p>\n<p>Per accedere al servizio in regime ambulatoriale \u00e8 necessario essere in possesso di prescrizione medica, oppure \u00e8 possibile prenotare una Visita Fisiatrica o Ortopedica per essere indirizzati al trattamento pi\u00f9 indicato alla propria esigenza.<\/p>\n<p style=\"text-align: center;\"><a href=\"https:\/\/www.san-giacomo.it\/wp-content\/uploads\/2023\/11\/TECAR_TERAPIA.jpg\" target=\"_blank\" rel=\"https:\/\/www.san-giacomo.it\/wp-content\/uploads\/2023\/11\/TECAR_TERAPIA.jpg noopener\"><img loading=\"lazy\" class=\"aligncenter wp-image-1045 size-medium\" src=\"https:\/\/www.san-giacomo.it\/wp-content\/uploads\/2023\/11\/TECAR_TERAPIA-300x300.jpg\" alt=\"\" width=\"300\" height=\"300\" srcset=\"https:\/\/www.san-giacomo.it\/wp-content\/uploads\/2023\/11\/TECAR_TERAPIA-300x300.jpg 300w, https:\/\/www.san-giacomo.it\/wp-content\/uploads\/2023\/11\/TECAR_TERAPIA-1024x1024.jpg 1024w, https:\/\/www.san-giacomo.it\/wp-content\/uploads\/2023\/11\/TECAR_TERAPIA-150x150.jpg 150w, https:\/\/www.san-giacomo.it\/wp-content\/uploads\/2023\/11\/TECAR_TERAPIA-768x768.jpg 768w, https:\/\/www.san-giacomo.it\/wp-content\/uploads\/2023\/11\/TECAR_TERAPIA-146x146.jpg 146w, https:\/\/www.san-giacomo.it\/wp-content\/uploads\/2023\/11\/TECAR_TERAPIA-50x50.jpg 50w, https:\/\/www.san-giacomo.it\/wp-content\/uploads\/2023\/11\/TECAR_TERAPIA-75x75.jpg 75w, https:\/\/www.san-giacomo.it\/wp-content\/uploads\/2023\/11\/TECAR_TERAPIA-85x85.jpg 85w, https:\/\/www.san-giacomo.it\/wp-content\/uploads\/2023\/11\/TECAR_TERAPIA-80x80.jpg 80w, https:\/\/www.san-giacomo.it\/wp-content\/uploads\/2023\/11\/TECAR_TERAPIA.jpg 1080w\" sizes=\"(max-width: 300px) 100vw, 300px\" \/><\/a><\/p>\n<div style=\"width: 480px;\" class=\"wp-video\"><!--[if lt IE 9]><script>document.createElement('video');<\/script><![endif]-->\n<video class=\"wp-video-shortcode\" id=\"video-1107-1\" width=\"480\" height=\"848\" preload=\"metadata\" controls=\"controls\"><source type=\"video\/mp4\" src=\"https:\/\/www.san-giacomo.it\/wp-content\/uploads\/2023\/11\/tecarterapia.mp4?_=1\" \/><a href=\"https:\/\/www.san-giacomo.it\/wp-content\/uploads\/2023\/11\/tecarterapia.mp4\">https:\/\/www.san-giacomo.it\/wp-content\/uploads\/2023\/11\/tecarterapia.mp4<\/a><\/video><\/div>\n","protected":false},"excerpt":{"rendered":"<p>TECARTERAPIA \u00a0 Che cos\u2019\u00e8 e quando \u00e8 indicato il trattamento con la TECAR (tecarterapia) ? La\u00a0Tecar, \u00e8 un trattamento elettromedicale che sfrutta l&#8217;impiego del calore endogeno<span class=\"excerpt-hellip\"> [\u2026]<\/span><\/p>\n","protected":false},"author":3,"featured_media":1085,"parent":0,"menu_order":0,"comment_status":"open","ping_status":"open","template":"","meta":{"om_disable_all_campaigns":false},"aioseo_notices":[],"_links":{"self":[{"href":"https:\/\/www.san-giacomo.it\/index.php\/wp-json\/wp\/v2\/pages\/1107"}],"collection":[{"href":"https:\/\/www.san-giacomo.it\/index.php\/wp-json\/wp\/v2\/pages"}],"about":[{"href":"https:\/\/www.san-giacomo.it\/index.php\/wp-json\/wp\/v2\/types\/page"}],"author":[{"embeddable":true,"href":"https:\/\/www.san-giacomo.it\/index.php\/wp-json\/wp\/v2\/users\/3"}],"replies":[{"embeddable":true,"href":"https:\/\/www.san-giacomo.it\/index.php\/wp-json\/wp\/v2\/comments?post=1107"}],"version-history":[{"count":2,"href":"https:\/\/www.san-giacomo.it\/index.php\/wp-json\/wp\/v2\/pages\/1107\/revisions"}],"predecessor-version":[{"id":1171,"href":"https:\/\/www.san-giacomo.it\/index.php\/wp-json\/wp\/v2\/pages\/1107\/revisions\/1171"}],"wp:featuredmedia":[{"embeddable":true,"href":"https:\/\/www.san-giacomo.it\/index.php\/wp-json\/wp\/v2\/media\/1085"}],"wp:attachment":[{"href":"https:\/\/www.san-giacomo.it\/index.php\/wp-json\/wp\/v2\/media?parent=1107"}],"curies":[{"name":"wp","href":"https:\/\/api.w.org\/{rel}","templated":true}]}}