{"id":221,"date":"2017-04-20T12:50:19","date_gmt":"2017-04-20T10:50:19","guid":{"rendered":"http:\/\/new.san-giacomo.it\/?page_id=221"},"modified":"2023-06-07T13:07:34","modified_gmt":"2023-06-07T11:07:34","slug":"neuro","status":"publish","type":"page","link":"https:\/\/www.san-giacomo.it\/index.php\/our-offer-2\/neuro\/","title":{"rendered":"Unit\u00e0 Funzionale di Medicina Riabilitativa Neuromotoria 1"},"content":{"rendered":"<h2>Unit\u00e0 Funzionale di Medicina Riabilitativa Neuromotoria 1<\/h2>\n<p>&nbsp;<\/p>\n<h4 class=\"themecolor\"><strong>Responsabile:<\/strong><\/h4>\n<ul>\n<li>D.ssa Alessandra Bosoni<\/li>\n<\/ul>\n<h4><strong>Medici dell\u2019Unit\u00e0 Funzionali:<\/strong><\/h4>\n<ul>\n<li>Dr. Giordano Ambiveri<\/li>\n<li>D.ssa Ilaria Covini<\/li>\n<li>Dr. Paolo Mazzanti<\/li>\n<\/ul>\n<h4><strong>Coordinatore Infermieristico:<\/strong><\/h4>\n<ul>\n<li>Michela Baldrighi<\/li>\n<\/ul>\n<h4><strong>Coordinatore Fisioterapisti: <\/strong><\/h4>\n<ul>\n<li>Lucia Daturi, Davide Pastorelli<\/li>\n<\/ul>\n<p>&nbsp;<\/p>\n<p>L\u2019Unit\u00e0 Funzionale di Riabilitazione Neurologica garantisce la presa in carico diagnostica-terapeutica e riabilitativa omnicomprensiva a pazienti con disabilit\u00e0 multiple e complesse, conseguenti a neurolesione centrale, prevalentemente cerebrale, di eziologia traumatica, vascolare, neoformativa, post-chirurgica, post-anossica, post-infettiva.<\/p>\n<p>In relazione alla complessit\u00e0 di un approccio riabilitativo mirato alla soluzione di problemi inerenti non solo la sfera biologica del paziente ma anche quella socio-ambientale, culturale, affettiva e relazionale, l\u2019attuazione di tale processo richiede il coinvolgimento di un team multispecialistico costituito da professionisti (medico &#8211; fisioterapista &#8211; infermiere &#8211; neuropsicologo &#8211; psicologo &#8211; logopedista &#8211; terapista occupazionale &#8211; assistente sociale) che predispongono e realizzano il progetto ed i programmi riabilitativi unitamente al paziente ed al suo entourage familiare.<\/p>\n<p>L\u2019Unit\u00e0 Funzionale si avvale inoltre di alcuni Ambulatori\/Laboratori interni all\u2019Ospedale, ad integrazione delle risorse per il processo valutativo, diagnostico e terapeutico:<\/p>\n<ol>\n<li>Ambulatorio Neurofisiopatologia<\/li>\n<li>Ambulatorio per la Valutazione ed il Trattamento della Spasticit\u00e0<\/li>\n<li>Ambulatorio di Urodinamica e Riabilitazione pavimento pelvico<\/li>\n<li>Ambulatorio di Fisiopatologia Respiratoria<\/li>\n<li>Ambulatorio per la diagnosi e la terapia dei disturbi della deglutizione<\/li>\n<li>Laboratorio di Ergoterapia.<\/li>\n<\/ol>\n<p>I principali ambiti di intervento del team riabilitativo sono:<\/p>\n<ul>\n<li>stabilizzazione medica internistica<\/li>\n<li>rieducazione delle funzioni vitali di base (deglutizione, vescica, intestino)<\/li>\n<li>rieducazione motoria o riabilitazione cognitivo\/comportamentale, della comunicazione e del linguaggio<\/li>\n<li>terapia occupazionale e propedeutica al reinserimento lavorativo<\/li>\n<\/ul>\n<p>counseling psicologico o rieducazione alle abilit\u00e0 di vita quotidiana o consulenza e reinserimento sociale<\/p>\n<p>&nbsp;<\/p>\n<p><a name=\"_Toc135304812\"><\/a><a name=\"_Toc135304639\"><\/a><strong>Riabilitazione paziente oncologico<\/strong><\/p>\n<p>&nbsp;<\/p>\n<p>Secondo le indicazioni contenute nel <em><u>\u201cLibro bianco sulla Riabilitazione Oncologica\u201d<\/u><\/em> la riabilitazione oncologica ha lo scopo di \u201c<em>ottimizzare la qualit\u00e0 di vita del malato, aiutando il paziente e la sua famiglia ad adattarsi a standard di vita quanto pi\u00f9 simili a quelli precedenti la malattia, con l\u2019obiettivo di limitare al minimo la disabilit\u00e0 fisica, il deficit funzionale, cognitivo e psicologico, che spesso si manifestano a seguito del tumore o delle terapie ad esso correlate\u201d.<\/em><\/p>\n<p>Per la diversit\u00e0 dei quadri patologici che il paziente pu\u00f2 presentare, la variet\u00e0 della storia naturale della malattia e la molteplicit\u00e0 degli esiti, non \u00e8 plausibile la pre-definizione di progetti riabilitativi standardizzati; ancor pi\u00f9 che in altri ambiti riabilitativi, il Progetto Riabilitativo Individuale dovr\u00e0 essere modulato dal Fisiatra e dal Team riabilitativo in base alla tipologia delle complicanze insorte nel singolo paziente, anche in funzione di eventuali effetti collaterali degli interventi terapeutici indispensabili per la cura della patologia oncologica. Gli obiettivi da raggiungere in ogni PRI saranno quindi variabili in funzione del tipo di disabilit\u00e0, della fase evolutiva della malattia, e delle aspettative e motivazioni del paziente e dei suoi care-giver.<\/p>\n<p>Per poter essere ricoverati e garantire la migliore qualit\u00e0 delle cure il paziente oncologico deve essere in:<\/p>\n<ul>\n<li>Elevato grado di disabilit\u00e0 ( es. allettamento ) con prognosi riabilitativa favorevole in cui si possa prevedere un miglioramento del quadro funzionale.<\/li>\n<li>Condizioni generali e psichiche compatibili con la riabilitazione INTENSIVA INTERDISCIPLINARE\u00a0 in quadro clinico stabile ( non meno di 3 ore complessive di trattamento giornaliero)<\/li>\n<li>Necessit\u00e0 di sorveglianza medico\/infermieristica nelle 24 ore ( Pazienti le cui condizioni richiedono prestazioni diagnostico-terapeutiche e riabilitative continue)<\/li>\n<\/ul>\n<p>Durante il periodo di ricovero il Paziente NON deve essere spostato per eseguire cure \/ diagnosi al di fuori dalla struttura<\/p>\n<p>&nbsp;<\/p>\n","protected":false},"excerpt":{"rendered":"<p>Unit\u00e0 Funzionale di Medicina Riabilitativa Neuromotoria 1 &nbsp; Responsabile: D.ssa Alessandra Bosoni Medici dell\u2019Unit\u00e0 Funzionali: Dr. Giordano Ambiveri D.ssa Ilaria Covini Dr. Paolo Mazzanti Coordinatore Infermieristico:<span class=\"excerpt-hellip\"> [\u2026]<\/span><\/p>\n","protected":false},"author":3,"featured_media":293,"parent":118,"menu_order":0,"comment_status":"open","ping_status":"closed","template":"","meta":{"om_disable_all_campaigns":false},"aioseo_notices":[],"_links":{"self":[{"href":"https:\/\/www.san-giacomo.it\/index.php\/wp-json\/wp\/v2\/pages\/221"}],"collection":[{"href":"https:\/\/www.san-giacomo.it\/index.php\/wp-json\/wp\/v2\/pages"}],"about":[{"href":"https:\/\/www.san-giacomo.it\/index.php\/wp-json\/wp\/v2\/types\/page"}],"author":[{"embeddable":true,"href":"https:\/\/www.san-giacomo.it\/index.php\/wp-json\/wp\/v2\/users\/3"}],"replies":[{"embeddable":true,"href":"https:\/\/www.san-giacomo.it\/index.php\/wp-json\/wp\/v2\/comments?post=221"}],"version-history":[{"count":15,"href":"https:\/\/www.san-giacomo.it\/index.php\/wp-json\/wp\/v2\/pages\/221\/revisions"}],"predecessor-version":[{"id":974,"href":"https:\/\/www.san-giacomo.it\/index.php\/wp-json\/wp\/v2\/pages\/221\/revisions\/974"}],"up":[{"embeddable":true,"href":"https:\/\/www.san-giacomo.it\/index.php\/wp-json\/wp\/v2\/pages\/118"}],"wp:featuredmedia":[{"embeddable":true,"href":"https:\/\/www.san-giacomo.it\/index.php\/wp-json\/wp\/v2\/media\/293"}],"wp:attachment":[{"href":"https:\/\/www.san-giacomo.it\/index.php\/wp-json\/wp\/v2\/media?parent=221"}],"curies":[{"name":"wp","href":"https:\/\/api.w.org\/{rel}","templated":true}]}}

Unità Funzionale di Medicina Riabilitativa Neuromotoria 1

<h2>Unità Funzionale di Medicina Riabilitativa Neuromotoria 1</h2>
<p>&nbsp;</p>
<h4 class="themecolor"><strong>Responsabile:</strong></h4>
<ul>
<li>D.ssa Alessandra Bosoni</li>
</ul>
<h4><strong>Medici dell’Unità Funzionali:</strong></h4>
<ul>
<li>Dr. Giordano Ambiveri</li>
<li>D.ssa Ilaria Covini</li>
<li>Dr. Paolo Mazzanti</li>
</ul>
<h4><strong>Coordinatore Infermieristico:</strong></h4>
<ul>
<li>Michela Baldrighi</li>
</ul>
<h4><strong>Coordinatore Fisioterapisti: </strong></h4>
<ul>
<li>Lucia Daturi, Davide Pastorelli</li>
</ul>
<p>&nbsp;</p>
<p>L’Unità Funzionale di Riabilitazione Neurologica garantisce la presa in carico diagnostica-terapeutica e riabilitativa omnicomprensiva a pazienti con disabilità multiple e complesse, conseguenti a neurolesione centrale, prevalentemente cerebrale, di eziologia traumatica, vascolare, neoformativa, post-chirurgica, post-anossica, post-infettiva.</p>
<p>In relazione alla complessità di un approccio riabilitativo mirato alla soluzione di problemi inerenti non solo la sfera biologica del paziente ma anche quella socio-ambientale, culturale, affettiva e relazionale, l’attuazione di tale processo richiede il coinvolgimento di un team multispecialistico costituito da professionisti (medico &#8211; fisioterapista &#8211; infermiere &#8211; neuropsicologo &#8211; psicologo &#8211; logopedista &#8211; terapista occupazionale &#8211; assistente sociale) che predispongono e realizzano il progetto ed i programmi riabilitativi unitamente al paziente ed al suo entourage familiare.</p>
<p>L’Unità Funzionale si avvale inoltre di alcuni Ambulatori/Laboratori interni all’Ospedale, ad integrazione delle risorse per il processo valutativo, diagnostico e terapeutico:</p>
<ol>
<li>Ambulatorio Neurofisiopatologia</li>
<li>Ambulatorio per la Valutazione ed il Trattamento della Spasticità</li>
<li>Ambulatorio di Urodinamica e Riabilitazione pavimento pelvico</li>
<li>Ambulatorio di Fisiopatologia Respiratoria</li>
<li>Ambulatorio per la diagnosi e la terapia dei disturbi della deglutizione</li>
<li>Laboratorio di Ergoterapia.</li>
</ol>
<p>I principali ambiti di intervento del team riabilitativo sono:</p>
<ul>
<li>stabilizzazione medica internistica</li>
<li>rieducazione delle funzioni vitali di base (deglutizione, vescica, intestino)</li>
<li>rieducazione motoria o riabilitazione cognitivo/comportamentale, della comunicazione e del linguaggio</li>
<li>terapia occupazionale e propedeutica al reinserimento lavorativo</li>
</ul>
<p>counseling psicologico o rieducazione alle abilità di vita quotidiana o consulenza e reinserimento sociale</p>
<p>&nbsp;</p>
<p><a name="_Toc135304812"></a><a name="_Toc135304639"></a><strong>Riabilitazione paziente oncologico</strong></p>
<p>&nbsp;</p>
<p>Secondo le indicazioni contenute nel <em><u>“Libro bianco sulla Riabilitazione Oncologica”</u></em> la riabilitazione oncologica ha lo scopo di “<em>ottimizzare la qualità di vita del malato, aiutando il paziente e la sua famiglia ad adattarsi a standard di vita quanto più simili a quelli precedenti la malattia, con l’obiettivo di limitare al minimo la disabilità fisica, il deficit funzionale, cognitivo e psicologico, che spesso si manifestano a seguito del tumore o delle terapie ad esso correlate”.</em></p>
<p>Per la diversità dei quadri patologici che il paziente può presentare, la varietà della storia naturale della malattia e la molteplicità degli esiti, non è plausibile la pre-definizione di progetti riabilitativi standardizzati; ancor più che in altri ambiti riabilitativi, il Progetto Riabilitativo Individuale dovrà essere modulato dal Fisiatra e dal Team riabilitativo in base alla tipologia delle complicanze insorte nel singolo paziente, anche in funzione di eventuali effetti collaterali degli interventi terapeutici indispensabili per la cura della patologia oncologica. Gli obiettivi da raggiungere in ogni PRI saranno quindi variabili in funzione del tipo di disabilità, della fase evolutiva della malattia, e delle aspettative e motivazioni del paziente e dei suoi care-giver.</p>
<p>Per poter essere ricoverati e garantire la migliore qualità delle cure il paziente oncologico deve essere in:</p>
<ul>
<li>Elevato grado di disabilità ( es. allettamento ) con prognosi riabilitativa favorevole in cui si possa prevedere un miglioramento del quadro funzionale.</li>
<li>Condizioni generali e psichiche compatibili con la riabilitazione INTENSIVA INTERDISCIPLINARE  in quadro clinico stabile ( non meno di 3 ore complessive di trattamento giornaliero)</li>
<li>Necessità di sorveglianza medico/infermieristica nelle 24 ore ( Pazienti le cui condizioni richiedono prestazioni diagnostico-terapeutiche e riabilitative continue)</li>
</ul>
<p>Durante il periodo di ricovero il Paziente NON deve essere spostato per eseguire cure / diagnosi al di fuori dalla struttura</p>
<p>&nbsp;</p>

<p>Unità Funzionale di Medicina Riabilitativa Neuromotoria 1 &nbsp; Responsabile: D.ssa Alessandra Bosoni Medici dell’Unità Funzionali: Dr. Giordano Ambiveri D.ssa Ilaria Covini Dr. Paolo Mazzanti Coordinatore Infermieristico:<span class="excerpt-hellip"> […]</span></p>
